0583 + (-1)/(-1)) - 1 a composite number?
True
Suppose 0 = -0*g - 30*g + 3396450. Is g a prime number?
False
Let j(a) be the second derivative of a**4/3 - 20*a**3/3 - 19*a**2/2 + 4*a - 1. Let b = 23 - 5. Is j(b) prime?
True
Let k(m) = -m + 25 + 5*m + 20 - m. Let l be k(-14). Suppose -v - l*c = -0*c - 55, 347 = 5*v - 3*c. Is v a prime number?
True
Let j = -6969 + 17002. Is j prime?
False
Suppose 0 = -14*i + 13*i + 5*q - 350, i + 343 = -2*q. Let f(h) = h**2 + h + 488. Let c be f(0). Let z = i + c. Is z a composite number?
True
Let s be ((-35)/21)/(-5)*-36. Is ((-29188)/s)/(-6 + (-114)/(-18)) prime?
True
Let y = -140589 + 205876. Is y prime?
True
Is 173466 - (-16)/(-64)*-28 prime?
True
Is 37854/3 - -1 - (-2 + -20 - -18) a composite number?
True
Suppose -3*w - 3 = -9. Let r = -341 + 337. Is 2*(-9334)/(-8) + w/r prime?
True
Let t be 1056/104 + 2/(-13). Suppose 0 = -5*k + 5*y + t, 5*k = 3*y - 1 + 7. Is (938/(-1 - k))/((-36)/18) prime?
False
Suppose -4853 - 383 = -22*c. Let d = 2421 - c. Is d composite?
True
Suppose 49*f + 327450 = 7865659. Is f a composite number?
False
Let a be (-6)/4*24/(-9). Suppose 12 = a*u + 40. Is (u - -4) + 2*80 composite?
False
Suppose -126 = 4*y + u - 50, -4*u - 34 = y. Let d be y/99 - (-4748)/(-22). Let s = d + 481. Is s a composite number?
True
Let g = 530153 - 133474. Is g composite?
False
Let t(k) = -2*k + 18. Let x be t(8). Suppose -5*y = b - 28839, -2*y - 11542 = -4*y - x*b. Is y a prime number?
False
Let i be (-6)/8 - ((-92)/16 - -3). Let y be 8504/(-4)*i/(-4). Suppose -4*n + y = -3*o - 0*o, -261 = -n - 4*o. Is n a prime number?
False
Let y be 2 + (-4)/((-4)/3). Suppose 7 = -5*q + 2*i, -24*q - 4*i - 19 = -23*q. Is (q + (y - 3))/(1/(-5779)) prime?
True
Let u(y) = -8*y**2 - 24*y - 25. Let d(h) = -9*h**2 - 24*h - 24. Let l(n) = 6*d(n) - 7*u(n). Let z be l(-16). Suppose -6*r + 639 = -z. Is r composite?
True
Let k be 7/14 - (-12237)/2. Suppose -5*o + 33426 + k = 0. Is o a prime number?
False
Let p = -115 - -104. Is p/(44/(-324)) - 4*1 composite?
True
Let q(p) = 227*p**3 - p**2 - 9*p + 7. Let c be q(2). Let n be (-4)/6 - 33/(-9). Is 1 + 2 + c - n a composite number?
False
Is (-1)/115*-23*14650045 a composite number?
True
Let z = 7403 - 4174. Let d = z - -17934. Is d composite?
False
Let h(m) = -m + 1. Let r(t) = t**2 - 2*t - 11595. Suppose -2*u = 3*b + 8, -2*u + 7*u = -2*b + 2. Let s(p) = u*h(p) - r(p). Is s(0) prime?
True
Let c(v) = 60728*v - 201. Is c(2) composite?
True
Let m(t) = 246650*t + 1017. Is m(1) composite?
True
Suppose -88227 - 54203 = -4*f + 3*z, 0 = z - 2. Is f prime?
False
Let z be (3 + 921/(-9))/(2/(-6)). Let q(o) = -z*o**2 - 3*o + 160*o**2 + 19 + 152*o**2. Is q(-6) a prime number?
True
Suppose 54*i - 5*i = -54*i + 30052207. Is i prime?
False
Suppose 147*v = 151*v - 28320. Let x = v + -4034. Is x composite?
True
Let c(v) = 47*v**2 - 1323*v - 73. Is c(85) prime?
False
Let z be 18/(-15)*40/12. Let x be (-35)/(-14)*-2*z/10. Is ((-1)/6)/(x/2091)*-4 a prime number?
False
Suppose -12570748 - 54940203 = -40*m - 39*m. Is m prime?
True
Suppose 0 = 2*c + 11*c - 26. Suppose -6*d - c = -5*d. Is (-2 + d)/(-2) + 255 a prime number?
True
Suppose 3*c - 40*k = -35*k + 192847, 321385 = 5*c + 5*k. Is c a composite number?
False
Suppose 0 = 258*k - 263*k + 157510. Suppose -2089 - k = -3*j. Is j a prime number?
True
Let j be (50 + -264)*((-2)/(-2))/(-2). Suppose -j*o + 102118 = -105*o. Is o composite?
False
Suppose 0 = -3*z - 5*o + o + 67, 5*z + o = 140. Suppose -5*p = -41 - z. Is p*(1 - 3)*(-1348)/16 a composite number?
True
Suppose -3*w = -4*q - 305293, 0 = 5*w - 4*q + 176778 - 685613. Is w a prime number?
True
Suppose z = -4, -4*t - 4*z = -0*z + 32. Let d(b) = -1001*b - 15. Is d(t) composite?
False
Let i(n) = -18500*n - 1069. Is i(-6) prime?
False
Suppose -47 = -5*r + 3*m, -26 = -2*r - 0*r + 3*m. Let c = r + -5. Suppose 594 - 52 = c*q. Is q prime?
True
Suppose -5*a = x - 335, -5*x = -5*a + 984 - 2539. Suppose -101 = 2*s - x. Let o = s + 111. Is o prime?
False
Let h = 6356 + -3921. Is h prime?
False
Suppose 5*g - 5*o = 30, 0 = -5*o - 0 - 15. Suppose 0 = 2*r + g*x - 6508, -2*x - 7506 - 5542 = -4*r. Suppose -7*b + 3*b + r = 0. Is b prime?
False
Let c(q) = q**2 - 7*q - 14. Let x be c(-9). Let f = x - 128. Is ((-19)/57)/(f/(-6414)*1) a prime number?
True
Let c(x) = 2*x**3 + 4*x - 7. Let f be c(3). Let o = -93 + f. Let n = o - -48. Is n prime?
False
Suppose -1821621 = -34*k - 87*k + 10*k. Is k a prime number?
True
Let u = 65 - 54. Let a(h) = 12592*h - 20. Let g be a(5). Suppose -g = -u*q - q. Is q composite?
True
Let h be ((-1)/(10/(-45)))/((-6)/(-592)). Suppose 72*d - 76*d = -h. Is d prime?
False
Let z(p) = 23*p**2 + 2*p - 8. Let a(h) = -h**2 - 16*h + 4. Let f be a(-16). Let s be z(f). Suppose k - s = 125. Is k composite?
True
Let g(i) = i**3 - i - 25. Suppose c + 71 = 5*o, -7*o + c = -6*o - 15. Is g(o) prime?
False
Let i(m) = 8*m**3 - 43*m**2 - 63*m + 107. Is i(17) prime?
True
Suppose -211042 - 3631283 = -225*b. Is b a composite number?
False
Let i = -80 - -91. Let k(z) = -6*z + 26. Let n be k(i). Let t = 121 - n. Is t prime?
False
Suppose -423*q = -525*q + 20134902. Is q a composite number?
True
Suppose 0 = -u + 4*x + 257927, 3*u - 434449 = -3*x + 339407. Is u composite?
False
Let o(w) = w**2 + 4*w + 1. Let t be o(-9). Let n be (-20 - (0 + -1))*-15. Suppose j - n = 5*d + t, -5*d = -4*j + 1324. Is j composite?
False
Is (-1105330)/(-46) + (-7 - (-652)/92) prime?
True
Let k be (4/8)/(114/(-112) - -1). Is (-1349 - -3)/(8/k) a prime number?
False
Suppose 0 = -103*v - 10*v + 6130363. Is v prime?
True
Suppose -3 = w + 5*q, 0 = -4*w - 3*q - 2 + 7. Let y(p) = -3*p**3 + 3 + 3*p**3 - p - 5*p**w - p**3 + 4. Is y(-10) a composite number?
True
Suppose 18 - 39 = -3*b. Let f(z) = 2*z**3 - 12*z**2 + 10*z + 13. Is f(b) a composite number?
False
Let m(u) = u - 1. Let i(z) = -29*z + 38. Let n(g) = -i(g) - 3*m(g). Is n(3) a prime number?
True
Suppose 0 = -0*k - 18*k + 15102. Suppose -2*i + k = -15187. Is i a composite number?
True
Let j(n) = -n**2 - 9*n + 28. Let x be j(-12). Let k(i) = -i**3 - 8*i**2 - 8*i + 6. Let l be k(x). Is (-28)/l - ((-5297)/5 + -2) a composite number?
False
Let y = 73 + -47. Suppose 3*f = f - 5*r + 1, 4*r - y = 2*f. Let t(j) = -j**2 - 9*j + 9. Is t(f) prime?
True
Let z(a) = a**3 + 11*a**2 - 14*a - 21. Let u be z(-12). Let p be (-28 - -51)/(((-3)/(-92))/u). Is ((-12)/24)/((-2)/p) a prime number?
False
Let j(c) = c**3 + 4*c**2 - c + 3. Let f be j(-4). Is (f - (-300)/(-44)) + 7137/11 a prime number?
False
Suppose 29*p + 24*p - 16156972 = 15488215. Is p composite?
True
Suppose -10*h + 3*y + 339 = -7*h, 5*y - 15 = 0. Suppose 71477 = 123*f - h*f. Is f a composite number?
False
Let f be 0 + (-4)/10 - 32920/(-50). Suppose -2*t + 100 = -f. Is t a prime number?
True
Let v(q) = -45*q + 466*q**2 - 154*q**2 - 152*q**2 - 35 - 157*q**2. Is v(-26) composite?
False
Let l = 194674 - -50271. Is l a prime number?
False
Suppose -835925 = 8*c - 12*c + 3*z, c - 2*z = 208985. Is c prime?
False
Suppose 5*f + 4*z - 23290 = 0, 5*f = 8*f + 2*z - 13972. Let j = 8921 - f. Is j composite?
True
Suppose -20*o + 15738 = -14*o. Let i = o - 728. Is i a composite number?
True
Let z = -717 - -1112. Suppose 4*q - z - 125 = -m, 0 = 4*m + 5*q - 2047. Suppose -7*a = -11*a + m. Is a composite?
False
Suppose d - 3*q = 9, -d - 34 = 3*d + 2*q. Let u be d*(-19)/((-95)/600). Is -1 - (2 - u/(-3)) prime?
False
Suppose 2*h = 20*h - 1512. Suppose -1220 = -8*p - h. Is p prime?
False
Let x = 825533 + -448202. Is x a composite number?
True
Let u be -4 - (5 - 6) - -971. Suppose 6559 = 13*y - u. Is y a composite number?
True
Let g = -4914996 - -7212639. Is g a composite number?
True
Let c = -303 - -877. Let t = 1257 + c. Is t a composite number?
False
Let k be (-92)/(-115)*(-30)/(-4). Suppose 5*p + 3*z - k*z = 922, 188 = p + 3*z. Is p composite?
True
Let d(n) = 69*n**2 + 55*n - 91. Let v(s) = 14*s**2 + 11*s - 18. Let c(o) = -2*d(o) + 11*v(o). Is c(6) a prime number?
False
Let m = 190 + -186. Is 1209 - ((3 - m) + -7) prime?
True
Let f(r) = -r**3 - 10*r**2 - 15*r + 7. Let x be f(-8). Is (680 - -47)*x/(-1)*3 prime?
False
Suppose -74 = 10*f - 324. Let p be 1*2*163 + (-75)/f. Suppose 3*k - 1620 = -4*b + p, 0 = 2*k + 3*b - 1295. Is k prime?
False
Suppose 398*l - 399*l + 45009 = -i